hen 4771 is divided by 1103.
359
Calculate the remainder when 52035807 is divided by 30.
27
What is the remainder when 12111522 is divided by 83?
79
Calculate the remainder when 200064 is divided by 412.
244
Calculate the remainder when 61123039 is divided by 527.
525
Calculate the remainder when 2407767 is divided by 33912.
15
What is the remainder when 2135446 is divided by 31401?
178
What is the remainder when 2225490 is divided by 317921?
43
Calculate the remainder when 3417350 is divided by 1139113.
11
What is the remainder when 2342595 is divided by 9296?
3
What is the remainder when 17202642 is divided by 151?
118
Calculate the remainder when 1502856 is divided by 30668.
124
What is the remainder when 119611335 is divided by 2897?
2896
What is the remainder when 19868201 is divided by 182?
171
Calculate the remainder when 66570703 is divided by 18.
7
Calculate the remainder when 7364 is divided by 203.
56
Calculate the remainder when 77684303 is divided by 34192.
79
Calculate the remainder when 21073158 is divided by 1170730.
18
What is the remainder when 479883 is divided by 28017?
3594
Calculate the remainder when 260556 is divided by 542.
396
Calculate the remainder when 7045481 is divided by 1257.
1253
What is the remainder when 1485842 is divided by 3?
2
What is the remainder when 506852 is divided by 1345?
1132
What is the remainder when 323260 is divided by 186?
178
Calculate the remainder when 17078286 is divided by 8595.
21
What is the remainder when 11077 is divided by 1879?
1682
Calculate the remainder when 449877 is divided by 7256.
5
What is the remainder when 161732 is divided by 161340?
392
What is the remainder when 41080619 is divided by 1780?
1779
What is the remainder when 84960 is divided by 403?
330
What is the remainder when 2287910 is divided by 457541?
205
Calculate the remainder when 627305 is divided by 1091.
1071
What is the remainder when 417012692 is divided by 32?
20
Calculate the remainder when 1084896 is divided by 2740.
2596
Calculate the remainder when 766220 is divided by 87.
11
What is the remainder when 1052656 is divided by 6971?
35
Calculate the remainder when 193523 is divided by 7443.
5
What is the remainder when 508905 is divided by 254447?
11
What is the remainder when 437154 is divided by 224?
130
What is the remainder when 2656003 is divided by 281?
272
What is the remainder when 353715 is divided by 175921?
1873
Calculate the remainder when 275572 is divided by 275515.
57
Calculate the remainder when 1408286249 is divided by 378.
377
What is the remainder when 228537 is divided by 114255?
27
Calculate the remainder when 980651 is divided by 460.
391
Calculate the remainder when 51336 is divided by 5128.
56
What is the remainder when 4152 is divided by 4019?
133
Calculate the remainder when 22796756 is divided by 49.
45
What is the remainder when 555749 is divided by 532?
341
What is the remainder when 13905 is divided by 2074?
1461
What is the remainder when 9250132 is divided by 940?
532
Calculate the remainder when 267467 is divided by 133689.
89
What is the remainder when 16647903 is divided by 875?
153
Calculate the remainder when 282337 is divided by 139094.
4149
What is the remainder when 31760999 is divided by 4?
3
Calculate the remainder when 2852087 is divided by 3891.
3875
Calculate the remainder when 63860448 is divided by 15340.
28
Calculate the remainder when 818298 is divided by 12412.
11518
Calculate the remainder when 2232191 is divided by 131293.
210
Calculate the remainder when 30016 is divided by 9526.
1438
Calculate the remainder when 25299695 is divided by 12.
11
What is the remainder when 550813 is divided by 2355?
2098
Calculate the remainder when 4077451 is divided by 471.
4
What is the remainder when 3051308 is divided by 48?
44
Calculate the remainder when 559676 is divided by 139917.
8
What is the remainder when 31475063 is divided by 308579?
5
Calculate the remainder when 142214 is divided by 22311.
8348
Calculate the remainder when 1294906 is divided by 110.
96
What is the remainder when 617470 is divided by 44067?
532
What is the remainder when 4712733 is divided by 1570904?
21
Calculate the remainder when 5297 is divided by 1222.
409
What is the remainder when 30542249 is divided by 94?
51
Calculate the remainder when 434669 is divided by 4820.
869
Calculate the remainder when 2465857 is divided by 1602.
379
What is the remainder when 51871 is divided by 731?
701
Calculate the remainder when 358200 is divided by 405.
180
Calculate the remainder when 870947 is divided by 79173.
44
Calculate the remainder when 25418 is divided by 1507.
1306
What is the remainder when 1659 is divided by 1385?
274
Calculate the remainder when 10368487 is divided by 381.
334
Calculate the remainder when 6348284 is divided by 158707.
4
What is the remainder when 194133 is divided by 52?
17
Calculate the remainder when 7345436 is divided by 716.
708
Calculate the remainder when 35576 is divided by 124.
112
What is the remainder when 94623 is divided by 31537?
12
Calculate the remainder when 10940185 is divided by 147.
4
What is the remainder when 143887070 is divided by 149?
5
Calculate the remainder when 995397 is divided by 176.
117
Calculate the remainder when 670722 is divided by 2738.
2650
What is the remainder when 14275787 is divided by 13073?
71
What is the remainder when 1321660 is divided by 340?
80
Calculate the remainder when 16877543 is divided by 16.
7
What is the remainder when 543083 is divided by 1631?
1591
Calculate the remainder when 23833757 is divided by 16.
13
Calculate the remainder when 1211296 is divided by 121113.
166
Calculate the remainder when 491854 is divided by 70238.
188
What is the remainder when 8173 is divided by 8001?
172
Calculate the remainder when 9663775 is divided by 1073752.
7
What is the remainder when 369526 is divided by 92363?
74
Calculate the remainder when 43880 is divided by 4856.
176
Calculate the remainder when 137197 is divided by 34233.
265
What is the remainder when 68875884 is divided by 689?
688
What is the remainder when 217429 is divided by 1279?
1278
Calculate the remainder when 16535 is divided by 41.
12
Calculate the remainder when 1949415 is divided by 893.
889
What is the remainder when 139823035 is divided by 13108?
13107
Calculate the remainder when 28758476 is divided by 9586150.
26
Calculate the remainder when 336174230 is divided by 1084433.
0
Calculate the remainder when 2288845 is divided by 41.
20
What is the remainder when 2235 is divided by 1289?
946
What is the remainder when 1391929 is divided by 1711?
886
What is the remainder when 7742239 is divided by 122892?
43
What is the remainder when 126149 is divided by 39535?
7544
Calculate the remainder when 16092351 is divided by 3129.
3033
What is the remainder when 41353179 is divided by 14?
7
Calculate the remainder when 1949024 is divided by 487255.
4
Calculate the remainder when 184799646 is divided by 8.
6
Calculate the remainder when 139257 is divided by 6946.
337
Calculate the remainder when 255008 is divided by 264.
248
Calculate the remainder when 8291587 is divided by 22779.
31
What is the remainder when 12782215 is divided by 49736?
63
Calculate the remainder when 6191425 is divided by 340.
25
What is the remainder when 1140354 is divided by 285051?
150
Calculate the remainder when 944947 is divided by 94.
59
What is the remainder when 21346 is divided by 2786?
1844
Calculate the remainder when 64983005 is divided by 21660995.
20
What is the remainder when 9603789 is divided by 564?
561
Calculate the remainder when 256942269 is divided by 23.
0
What is the remainder when 108122 is divided by 838?
20
What is the remainder when 950592 is divided by 95050?
92
What is the remainder when 5070101 is divided by 59?
54
What is the remainder when 272100275 is divided by 3771?
3770
Calculate the remainder when 944802 is divided by 2162.
8
What is the remainder when 585582 is divided by 292754?
74
Calculate the remainder when 235482 is divided by 1682.
2
Calculate the remainder when 3401234 is divided by 124.
38
Calculate the remainder when 563167 is divided by 40.
7
What is the remainder when 2255142 is divided by 4263?
15
Calculate the remainder when 13041 